the remainder when 1680855 is divided by 17.
14
What is the remainder when 277545 is divided by 8?
1
Calculate the remainder when 99400 is divided by 55.
15
Calculate the remainder when 201722 is divided by 20171.
12
What is the remainder when 281649 is divided by 5633?
5632
Calculate the remainder when 1181119 is divided by 11248.
79
Calculate the remainder when 201711 is divided by 20171.
1
What is the remainder when 65313178 is divided by 24?
10
What is the remainder when 225973 is divided by 184?
21
What is the remainder when 97220 is divided by 13532?
2496
What is the remainder when 24598781 is divided by 28570?
11
What is the remainder when 1605341329 is divided by 214?
213
What is the remainder when 216087 is divided by 2228?
2199
What is the remainder when 663831 is divided by 4610?
4601
What is the remainder when 54454 is divided by 2790?
1444
Calculate the remainder when 1507614 is divided by 1507516.
98
What is the remainder when 247166709 is divided by 149?
145
Calculate the remainder when 700504 is divided by 268.
220
What is the remainder when 11015563 is divided by 275?
163
What is the remainder when 335036 is divided by 66929?
391
Calculate the remainder when 229861 is divided by 8196.
373
What is the remainder when 542 is divided by 1?
0
Calculate the remainder when 36364495 is divided by 2041.
2039
What is the remainder when 155056615 is divided by 77528307?
1
Calculate the remainder when 23071018 is divided by 122718.
34
What is the remainder when 13424773 is divided by 2879?
2875
Calculate the remainder when 8149473 is divided by 123.
108
What is the remainder when 210065 is divided by 1121?
438
What is the remainder when 14292436 is divided by 16?
4
What is the remainder when 1276005 is divided by 7922?
563
Calculate the remainder when 41634612 is divided by 2424.
2412
What is the remainder when 1569080 is divided by 305?
160
What is the remainder when 3969051 is divided by 996?
987
Calculate the remainder when 173372 is divided by 161401.
11971
Calculate the remainder when 155015 is divided by 461.
119
Calculate the remainder when 838566556 is divided by 2080.
2076
What is the remainder when 11774253 is divided by 21?
15
Calculate the remainder when 146048171 is divided by 195.
191
Calculate the remainder when 158881 is divided by 31733.
216
Calculate the remainder when 6382232 is divided by 1131.
1130
Calculate the remainder when 975516 is divided by 773.
763
What is the remainder when 10085 is divided by 621?
149
Calculate the remainder when 2877373 is divided by 102761.
65
What is the remainder when 4172890 is divided by 38?
34
Calculate the remainder when 27024568 is divided by 27024565.
3
What is the remainder when 4522932 is divided by 91?
50
What is the remainder when 223980 is divided by 100?
80
Calculate the remainder when 3166956 is divided by 26.
0
Calculate the remainder when 1014021 is divided by 253243.
1049
What is the remainder when 6903 is divided by 17?
1
Calculate the remainder when 88959 is divided by 88770.
189
What is the remainder when 1269980 is divided by 4372?
2100
Calculate the remainder when 288137 is divided by 145.
22
Calculate the remainder when 250036291 is divided by 1273.
1269
Calculate the remainder when 1451487 is divided by 1259.
1119
Calculate the remainder when 1821413 is divided by 1478.
517
What is the remainder when 66193254 is divided by 19?
9
Calculate the remainder when 14732603 is divided by 14.
11
What is the remainder when 124659646 is divided by 4448?
4446
What is the remainder when 41311 is divided by 13764?
19
Calculate the remainder when 543105 is divided by 1967.
213
Calculate the remainder when 250243 is divided by 249206.
1037
Calculate the remainder when 235416 is divided by 777.
762
What is the remainder when 181079 is divided by 1372?
1347
Calculate the remainder when 38442342 is divided by 7688442.
132
What is the remainder when 60235 is divided by 3132?
727
Calculate the remainder when 26470087 is divided by 409.
16
Calculate the remainder when 8423879 is divided by 2807958.
5
What is the remainder when 523150 is divided by 154?
12
Calculate the remainder when 284759 is divided by 9184.
55
What is the remainder when 22659784 is divided by 218?
210
What is the remainder when 50736754 is divided by 84?
82
Calculate the remainder when 576491 is divided by 84.
83
Calculate the remainder when 1646193 is divided by 548725.
18
Calculate the remainder when 1546055 is divided by 1546048.
7
Calculate the remainder when 57071 is divided by 10743.
3356
Calculate the remainder when 5414466 is divided by 102.
0
What is the remainder when 36251 is divided by 486?
287
Calculate the remainder when 12812889 is divided by 721.
719
What is the remainder when 85272 is divided by 3288?
3072
What is the remainder when 42851 is divided by 4532?
2063
What is the remainder when 128660 is divided by 2221?
2063
Calculate the remainder when 47478066 is divided by 115238.
10
Calculate the remainder when 4131266 is divided by 1377084.
14
What is the remainder when 76715 is divided by 13?
2
Calculate the remainder when 60700282 is divided by 128.
122
Calculate the remainder when 615967 is divided by 76965.
247
What is the remainder when 260896 is divided by 126?
76
Calculate the remainder when 4205891 is divided by 4205737.
154
What is the remainder when 1551833 is divided by 159?
152
What is the remainder when 1645699 is divided by 166?
141
Calculate the remainder when 588514 is divided by 588395.
119
Calculate the remainder when 15996 is divided by 709.
398
What is the remainder when 7740277 is divided by 21?
13
What is the remainder when 2326402 is divided by 9654?
9442
What is the remainder when 3270784 is divided by 1090230?
94
What is the remainder when 441740305 is divided by 705?
700
What is the remainder when 300372245 is divided by 11099?
8
Calculate the remainder when 451798 is divided by 1291.
1239
What is the remainder when 4587181 is divided by 3190?
3151
Calculate the remainder when 2734593 is divided by 305.
268
What is the remainder when 6705267 is divided by 6705255?
12
Calculate the remainder when 13734611 is divided by 722.
5
Calculate the remainder when 1308046 is divided by 40842.
1102
What is the remainder when 69288446 is divided by 17322109?
10
What is the remainder when 2290914 is divided by 27?
18
What is the remainder when 98596 is divided by 580?
576
What is the remainder when 24408693 is divided by 1525543?
5
Calculate the remainder when 2380384 is divided by 42.
34
Calculate the remainder when 1145167 is divided by 1145164.
3
What is the remainder when 20187663 is divided by 1256?
1231
Calculate the remainder when 14743 is divided by 3879.
3106
Calculate the remainder when 12791656 is divided by 66277.
195
What is the remainder when 150211 is divided by 1456?
243
What is the remainder when 26758403 is divided by 54?
53
What is the remainder when 257077 is divided by 32086?
389
Calculate the remainder when 34050 is divided by 765.
390
What is the remainder when 627689 is divided by 595?
559
Calculate the remainder when 14063 is divided by 4429.
776
What is the remainder when 567868 is divided by 566464?
1404
Calculate the remainder when 11294467 is divided by 40774.
69
What is the remainder when 2572905002 is divided by 253?
250
What is the remainder when 13797635 is divided by 164?
151
Calculate the remainder when 13027929 is divided by 68209.
10
What is the remainder when 11613021 is divided by 204?
117
Calculate the remainder when 262534 is divided by 26249.
44
What is the remainder when 25663 is divided by 886?
855
What is the remainder when 1442008 is divided by 894?
880
What is the remainder when 76693 is divided by 4230?
553
Calculate the remainder when 5205334 is divided by 8108.
8106
What is the remainder when 56184126 is divided by 16?
14
What is the remainder when 108398583 is divided by 669127?
9
What is the remainder when 492664 is divided by 595?
4
What is the remainder when 14863080 is divided by 921?
903
Calculate the remainder when 36356822 is divided by 2596909.
96
What is the remainder when 4975083 is divided by 4974912?
171
What is the remainder when 1191356 is divided by 16099?
30
What is the remainder when 2207457 is divided by 57?
18
Cal